- -3) + (-6 - (-6 - -2)).
12
What is (-15 - -30) + (-580 - -572)?
7
Evaluate -17 - (1 - (-3 + 23 + -11)) - 20.
-29
What is 68 - (-37 - -20) - (1 - (6 + -11 + 5))?
84
Evaluate -8 - -38 - (7 - (45 - 20)).
48
What is (-116 - -50) + 71 + 13?
18
24 + (20 - -6) + -2
48
-3 - -38 - (-5 + (12 - (15 - 7))) - 9
27
42 - ((-3 - 24) + (-111 - -166)) - (-1 - -4)
11
38 - (4 - -36 - (-209 + 316))
105
What is (2 - -1 - 2 - 54) + (-11 - -1 - -3)?
-60
What is the value of 85 + (106 - (162 + 55))?
-26
-10 + (5 - 1) - (21 + 18) - (-335 + 326)
-36
-145 + 41 + 70 - (1 + -13)
-22
What is the value of -89 + (59 - 44) - -37?
-37
What is the value of -13 - (-18 - (-11 - -26))?
20
(4 - 1) + -24 + 7 - (-3 + -1)
-10
What is (-32 - -20) + (1 + (12 - 3) - -99) + -12?
85
What is the value of -93 - -37 - (-13 - 33)?
-10
Evaluate (6 - (65 + 57)) + 69.
-47
Evaluate -7 - (44 - 8 - (24 - 0)).
-19
Evaluate 72 + -90 + (0 - -1) - (-65 + 66).
-18
17 - (12 + -13 + (20 - 7) + -2)
7
What is (-27 - -39) + 5 - (-3 - -5)?
15
What is the value of 27 + -21 + (38 + -194 - -48)?
-102
Calculate (176 - 168) + (0 - 3) - -3 - (-3 + 42).
-31
What is the value of (-17 - -1 - (53 + -18 - 24 - 27)) + 68?
68
Calculate -5 + 10 - -17 - ((-18 - -37) + -10).
13
Calculate -98 - 31 - ((99 - 90) + (1 - 32)).
-107
What is the value of 188 + (-28 - (40 - -41))?
79
Evaluate 42 + (-59 - -28) + -51.
-40
Evaluate 1 + 4 - -2 - (-70 - (-73 - -38)).
42
Evaluate -49 - (-319 + 240) - (-12 + -1).
43
Evaluate -110 - (-4 + (23 + -21 - 3 - (3 + -13))).
-115
-12 + 13 + (-45 - -39 - (-4 + 36))
-37
37 + 38 + -137 + 51 + 2 + 127 + -2
116
What is (-46 - (-71 + 36)) + (-5 - -2 - -10)?
-4
What is the value of (19 - -66) + 1 - -2?
88
Calculate -91 - -78 - (1 + (6 + -4 + 10 - 6)).
-20
What is the value of (-136 - -33) + 22 + 33 + 9?
-39
What is -3 - (0 + 1 + 39 - (52 + (-74 - -37)))?
-28
(4 - (162 - -1)) + 12 + 30 + -27 + 10
-134
-5 - (-143 - -62 - -71)
5
What is -5 + 0 - (-62 + 59 + -8 + 47)?
-41
Calculate 201 + -249 + -13 - (-1 - 8).
-52
What is (26 + -52 + -16 - -94) + 3?
55
Evaluate (-10 - (-7 - 11)) + (7 - 4) + -2 + -47.
-38
-30 - (-121 - (31 - 43))
79
10 - (-2 + (164 - 172 - (-34 + 0)))
-14
What is 34 + -17 + (-108 - -2 - 30)?
-119
What is -10 - -13 - ((-3 - -5 - 2) + (152 - 249))?
100
Evaluate (1887 - 1896) + (-41 - 0).
-50
What is the value of (37 + 21 - 99) + 36?
-5
What is the value of 32 - (-8 + -38 - -13) - -3?
68
What is the value of (-70 - 2) + 9 + 14 + 37 + -49?
-61
What is the value of -106 + 22 + 15 + 30?
-39
-5694 - -5568 - (-195 - 2)
71
Calculate -4 - -2 - -1 - (-9682 - -9685).
-4
Evaluate 17 - (18 - 14) - (62 + 1 - 3).
-47
What is -15 - ((93 - 72) + (1 - 79))?
42
Calculate -13 + -38 + (13 - 24) + 2 + 4.
-56
(54 + -116 - -90) + -23
5
Calculate 27 - ((121 - 69) + 25).
-50
What is the value of (29 - 0) + (-2 - -1 - (7 - 3)) + 13?
37
Calculate (297 - 203) + -6 + 4 + -30.
62
Evaluate 81 - (-6 + -13 - -8) - (29 + -13 - 17).
93
What is the value of (8 - 8) + -6 - 47 - (-7 - (-7 - -3))?
-50
What is -7 - (-20 - (-4 - (35 - 10)))?
-16
Calculate 4 + (-3 - -9 - 14) + -51 + -1.
-56
What is 22 - ((-17 - -29) + (-5 - -2))?
13
Evaluate -11 - (-60 + 21) - 26.
2
-41 - (-6 - (10 - 0 - 16))
-41
What is (11 - (8 + 18)) + 25 - -43?
53
What is (110 - 123 - (8 + -3)) + 102?
84
What is the value of 0 + -2 + -1 - (183 + -194)?
8
-18 + (1 - 0) + 55461 + -55431
13
What is -104 + 104 + (2 - 4) + (2 - 0) + 44?
44
Calculate -20 - (2 + -36) - -47 - -43.
104
(4 + 12 - 11) + -4 + 12 + (-5 - -2)
10
What is -8 - (22 - (-14 + 43))?
-1
17 + 37 - (-18 - -19 - -6)
47
(48 - 24 - -3) + -39 - (2 - 2)
-12
What is the value of (28 - -1) + 125 + -126?
28
Evaluate (-99 - -84) + (11 - 0) + 16 - 108.
-96
Calculate -152 - -15 - (2 + (7 - (-1 + 8))).
-139
What is (-344 - -360) + (-55 - (2 + -4))?
-37
What is -47 + 69 + -24 - (10 + 0)?
-12
What is the value of (-22 - (-11 - 6 - 44)) + -7?
32
Calculate -3 + (-24 - (-8 + (27 - 15) - (10 + 2))).
-19
8 - (5 + 2 + (-70 - (-2 + 14 + -8)))
75
Evaluate (1 - 80) + (30 + -41 - -11) + (-32 - -36).
-75
What is -105 - (-93 - 169 - -65)?
92
Calculate 40 - (13 - 47 - -121).
-47
What is (62 - 33) + 1 + -1 - (10 + (-12 - 14))?
45
Calculate (13 - (0 + -11 + (-55 - -63))) + (-1 - 0).
15
What is the value of (183 + -80 + 53 - 44) + (6 - -1)?
119
Calculate 5345 + -5213 - (-3 + 119).
16
Calculate 13 - (3 + 6 + -4) - 11 - -9.
6
Calculate 28 + -54 + 38 + 2.
14
Evaluate (63 - (76 - -47)) + 93.
33
Calculate -15 - -1 - (34 + (14 - 7) - 52).
-3
What is the value of 20 + 0 + (85 - (63 - -40))?
2
What is the value of 12 - (15 + (7 - 10) + 4)?
-4
What is the value of -46 + (247 - 42 - 82)?
77
Calculate 158 + -49 - (6 + -2 + -5).
110
378 - 402 - (6 + 0)
-30
Calculate 9 - ((27 - (18 - -13)) + 3 + (-1 - 4)).
15
0 + -3 + -10 - (19 - 7 - (1 - 23))
-47
Evaluate 43 - 0 - (1 + -3 + -2 - (-98 - -92)).
41
What is 30 + -103 + 17 + 12 + (-11 - 1)?
-56
15 - (42 + -136 - -67)
42
What is (-4 - (-2 - -102)) + (79 + -35 - 31)?
-91
Calculate 94 - (-4 + 68 + -32 + -27).
89
-8 - (4 - 0 - (-193 - -189))
-16
What is 18 + -1 - (-19 - (-20 + -13)) - 15 - -135?
123
What is -3 + 28 + 3 - (-24 + -103 + 109)?
46
Evaluate (46 - (-8 - -65)) + -10.
-21
Evaluate -161 + 41 - -226 - (1 + 0).
105
Evaluate -22 + -72 + 16 + -9 + (-6 - -9).
-84
Evaluate 64 + 0 + (-46 - (30 - 61)).
49
Calculate -2 - (128 + (-3 - 1)) - (-7404 - -7395).
-117
-11 - (-16 - (-27 + -8 + 21))
-9
Evaluate 73 + -43 - -4 - -46 - -22.
102
Evaluate 24 + (-1 - 13) + -10 - (-108 + 5).
103
What is the value of -91 - (-34 + 84 - 85)?
-56
What is -54 + 66 + -10 + (2 - (0 - (2 - -1)))?
7
Calculate (-106 - -24) + 50 + -55 + 4.
-83
Evaluate 20 + -12 - (3 + 0 + 4 + -25 + 10).
16
What is -2 + 14 + -24 + 13 + -15?
-14
-27 + -1 + 49 + -105
-84
287 - 302 - ((-7 - (1 - 4)) + 4)
-15
What is ((6 - (-35 + 13)) + -12 - 14) + -26?
-24
(4 - ((14 - -8) + -35)) + 17
34
(-193 - -118) + 31 + -6
-50
What is the value of -1129 - -1129 - (1 + -4)?
3
What is 89 + -1 - (-16 - (-30 + 45 + -35))?
84
71 - 16 - 59 - (6 - 1)
-9
Calculate -41 + 29 + -13 + 68 - 21.
22
What is the value of (-269 - 30) + 258 + 17 + 1?
-23
What is the value of 39 - ((-47 + 43 - 10) + 2 + 34)?
17
Calculate (1 + 20 - (6 - -1)) + (-87 - -15).
-58
(-11 - 5) + 26 - 13 - (7 + 21)
-31
What is (45 + (-30 - 6) - (-18 + -5 + 2)) + -16?
14
Evaluate -3 + 4 + -3 - (187 - 175).
-14
What is 40 + -6 - (-84 + 42 + 58)?
18
(-6 - 1) + (433 - 458)
-32
6 + (47 - (17 - -20)) + (2 - -1) + 33
52
Evaluate -14 - ((-11 - -14) + -14 + 3).
-6
(25 - (47 - (34 + -12))) + -84
-84
Evaluate 58 - (134 + -35 + -80).
39
Evaluate -151 - -108 - (-5 - 56).
18
Calculate 75 + -22 + -28 + -5.
20
What is 10 - (-9 + 12 - (33 - 27) - -13)?
0
Calculate 9 + (-22 - -41 - 9) - 118.
-99
Evaluate (6 + (-24 - -36) + -3 - (0 + 75)) + 5.
-55
What is the value of -28 + 43 - (19 - (12 - 3))?
5
-11 - (-14 + (5 - -25) + 2 + -15)
-14
-2226 + 2206 - (-16 + 0)
-4
What is the value of 40 - ((-7 - (-26 + 1)) + (-1 - 15))?
38
56 - (-48 - (-31 - 37))
36
What is the value of 14 - (7 + -8 + (-55 - -58))?
12
What is 21 + 25 + (-29 - (-12 - -20))?
9
Evaluate 338 - 321 - (-23 + -1).
41
What is 12 - -2 - (53 + 8 + -11 + -87)?
51
Evaluate (-12 - 3) + 10 + 123 + -70.
48
What is 127 + (62 + -71 - 55)?
63
Calculate -7 + (-9 - -14) - (-4 + 11 + 1 + 15).
-25
Calculate (-23 + -27 - -59) + -1 + (2 - 0).
10
Evaluate -152 + 159 + (0 - ((55 - 4) + -3 - 0)).
-41
-814 + 883 - (108 + -4)
-35
What is the value of -4 + (-2 - -3) + 12 + (18 - -21)?
48
75 - (8 - 7 - 10 - (6 - 28))
62
What is 5 + 52 - (4 - -5) - -4 - (10 - 7)?
49
141 - ((21 - 41) + 103)
58
Calculate 19 + 45 + 13 + -50.
27
What is the value of (-51 - -53) + -1 + -65?
-64
What is -6 + -5 + 3 + 8 + 3 - -14?
17
Calculate (-17 - -20 - (20 + -1)) + 22 + (-60 - -26).
-28
What is (12 - 2) + (-4 - 21) + -26 + 3 + -20?
-58
What is -1 + (21 - -3) + -26 + 0 + -5?
-8
What is -6 + (13 - 17 - 20) + 4 + 9?
-17
What is the value of -24 + (31 - 91) - -157?
73
(-8 - 52 - 2) + (-28 - -14)
-76
What is -25 + (2713 - 2717 - (6 - (1 + -1)))?
-35
Calculate (-11 - (-12 + 2)) + (9 - 7) + -6 + 6.
1
What is the value of (1 - -82) + ((4 - -11) + (51 - 56) - 16)?
77
What is the value of 13 + (-9 - -6) - -4 - (16 + 14 - 21)?
5
51 + -86 + -4 + -11 + 7 + (6 - 1)
-38
Evaluate 32 - 2 - (23 + -18 + 15).
10
What is -2 + 8 